{"id":581,"date":"2019-07-29T10:20:05","date_gmt":"2019-07-29T08:20:05","guid":{"rendered":"http:\/\/www.higasaclub.pl\/?page_id=581"},"modified":"2019-07-29T10:20:06","modified_gmt":"2019-07-29T08:20:06","slug":"design-a-business","status":"publish","type":"page","link":"https:\/\/higasa.pl\/higasaclub\/en\/design-a-business\/","title":{"rendered":"Design a business"},"content":{"rendered":"","protected":false},"excerpt":{"rendered":"","protected":false},"author":1,"featured_media":420,"parent":0,"menu_order":7,"comment_status":"closed","ping_status":"closed","template":"investor.php","meta":{"_acf_changed":false,"footnotes":""},"class_list":["post-581","page","type-page","status-publish","has-post-thumbnail","hentry"],"acf":[],"yoast_head":"<!-- This site is optimized with the Yoast SEO plugin v24.6 - https:\/\/yoast.com\/wordpress\/plugins\/seo\/ -->\n<title>Design a business - Higasa Club<\/title>\n<meta name=\"robots\" content=\"index, follow, max-snippet:-1, max-image-preview:large, max-video-preview:-1\" \/>\n<link rel=\"canonical\" href=\"https:\/\/higasa.pl\/higasaclub\/en\/design-a-business\/\" \/>\n<meta property=\"og:locale\" content=\"pl_PL\" \/>\n<meta property=\"og:type\" content=\"article\" \/>\n<meta property=\"og:title\" content=\"Design a business - Higasa Club\" \/>\n<meta property=\"og:url\" content=\"https:\/\/higasa.pl\/higasaclub\/en\/design-a-business\/\" \/>\n<meta property=\"og:site_name\" content=\"Higasa Club\" \/>\n<meta property=\"article:modified_time\" content=\"2019-07-29T08:20:06+00:00\" \/>\n<meta property=\"og:image\" content=\"https:\/\/higasa.pl\/higasaclub\/wp-content\/uploads\/zaprojektuj-biznes-header-1.jpg\" \/>\n\t<meta property=\"og:image:width\" content=\"1920\" \/>\n\t<meta property=\"og:image:height\" content=\"600\" \/>\n\t<meta property=\"og:image:type\" content=\"image\/jpeg\" \/>\n<meta name=\"twitter:card\" content=\"summary_large_image\" \/>\n<script type=\"application\/ld+json\" class=\"yoast-schema-graph\">{\"@context\":\"https:\/\/schema.org\",\"@graph\":[{\"@type\":\"WebPage\",\"@id\":\"https:\/\/higasa.pl\/higasaclub\/en\/design-a-business\/\",\"url\":\"https:\/\/higasa.pl\/higasaclub\/en\/design-a-business\/\",\"name\":\"Design a business - Higasa Club\",\"isPartOf\":{\"@id\":\"https:\/\/higasa.pl\/higasaclub\/#website\"},\"primaryImageOfPage\":{\"@id\":\"https:\/\/higasa.pl\/higasaclub\/en\/design-a-business\/#primaryimage\"},\"image\":{\"@id\":\"https:\/\/higasa.pl\/higasaclub\/en\/design-a-business\/#primaryimage\"},\"thumbnailUrl\":\"https:\/\/higasa.pl\/higasaclub\/wp-content\/uploads\/zaprojektuj-biznes-header-1.jpg\",\"datePublished\":\"2019-07-29T08:20:05+00:00\",\"dateModified\":\"2019-07-29T08:20:06+00:00\",\"breadcrumb\":{\"@id\":\"https:\/\/higasa.pl\/higasaclub\/en\/design-a-business\/#breadcrumb\"},\"inLanguage\":\"pl-PL\",\"potentialAction\":[{\"@type\":\"ReadAction\",\"target\":[\"https:\/\/higasa.pl\/higasaclub\/en\/design-a-business\/\"]}]},{\"@type\":\"ImageObject\",\"inLanguage\":\"pl-PL\",\"@id\":\"https:\/\/higasa.pl\/higasaclub\/en\/design-a-business\/#primaryimage\",\"url\":\"https:\/\/higasa.pl\/higasaclub\/wp-content\/uploads\/zaprojektuj-biznes-header-1.jpg\",\"contentUrl\":\"https:\/\/higasa.pl\/higasaclub\/wp-content\/uploads\/zaprojektuj-biznes-header-1.jpg\",\"width\":1920,\"height\":600},{\"@type\":\"BreadcrumbList\",\"@id\":\"https:\/\/higasa.pl\/higasaclub\/en\/design-a-business\/#breadcrumb\",\"itemListElement\":[{\"@type\":\"ListItem\",\"position\":1,\"name\":\"Strona g\u0142\u00f3wna\",\"item\":\"https:\/\/higasa.pl\/higasaclub\/\"},{\"@type\":\"ListItem\",\"position\":2,\"name\":\"Design a business\"}]},{\"@type\":\"WebSite\",\"@id\":\"https:\/\/higasa.pl\/higasaclub\/#website\",\"url\":\"https:\/\/higasa.pl\/higasaclub\/\",\"name\":\"Higasa Club\",\"description\":\"Jeste\u015bmy jedn\u0105 z pierwszych firm na polskim rynku, zajmuj\u0105c\u0105 si\u0119 inwestowaniem  w nieruchomo\u015bci komercyjne. Dostarczamy \u201euszyte na miar\u0119\u201d rozwi\u0105zania rentierskie dla najbardziej wymagaj\u0105cych klient\u00f3w.\",\"potentialAction\":[{\"@type\":\"SearchAction\",\"target\":{\"@type\":\"EntryPoint\",\"urlTemplate\":\"https:\/\/higasa.pl\/higasaclub\/?s={search_term_string}\"},\"query-input\":{\"@type\":\"PropertyValueSpecification\",\"valueRequired\":true,\"valueName\":\"search_term_string\"}}],\"inLanguage\":\"pl-PL\"}]}<\/script>\n<!-- \/ Yoast SEO plugin. -->","yoast_head_json":{"title":"Design a business - Higasa Club","robots":{"index":"index","follow":"follow","max-snippet":"max-snippet:-1","max-image-preview":"max-image-preview:large","max-video-preview":"max-video-preview:-1"},"canonical":"https:\/\/higasa.pl\/higasaclub\/en\/design-a-business\/","og_locale":"pl_PL","og_type":"article","og_title":"Design a business - Higasa Club","og_url":"https:\/\/higasa.pl\/higasaclub\/en\/design-a-business\/","og_site_name":"Higasa Club","article_modified_time":"2019-07-29T08:20:06+00:00","og_image":[{"width":1920,"height":600,"url":"https:\/\/higasa.pl\/higasaclub\/wp-content\/uploads\/zaprojektuj-biznes-header-1.jpg","type":"image\/jpeg"}],"twitter_card":"summary_large_image","schema":{"@context":"https:\/\/schema.org","@graph":[{"@type":"WebPage","@id":"https:\/\/higasa.pl\/higasaclub\/en\/design-a-business\/","url":"https:\/\/higasa.pl\/higasaclub\/en\/design-a-business\/","name":"Design a business - Higasa Club","isPartOf":{"@id":"https:\/\/higasa.pl\/higasaclub\/#website"},"primaryImageOfPage":{"@id":"https:\/\/higasa.pl\/higasaclub\/en\/design-a-business\/#primaryimage"},"image":{"@id":"https:\/\/higasa.pl\/higasaclub\/en\/design-a-business\/#primaryimage"},"thumbnailUrl":"https:\/\/higasa.pl\/higasaclub\/wp-content\/uploads\/zaprojektuj-biznes-header-1.jpg","datePublished":"2019-07-29T08:20:05+00:00","dateModified":"2019-07-29T08:20:06+00:00","breadcrumb":{"@id":"https:\/\/higasa.pl\/higasaclub\/en\/design-a-business\/#breadcrumb"},"inLanguage":"pl-PL","potentialAction":[{"@type":"ReadAction","target":["https:\/\/higasa.pl\/higasaclub\/en\/design-a-business\/"]}]},{"@type":"ImageObject","inLanguage":"pl-PL","@id":"https:\/\/higasa.pl\/higasaclub\/en\/design-a-business\/#primaryimage","url":"https:\/\/higasa.pl\/higasaclub\/wp-content\/uploads\/zaprojektuj-biznes-header-1.jpg","contentUrl":"https:\/\/higasa.pl\/higasaclub\/wp-content\/uploads\/zaprojektuj-biznes-header-1.jpg","width":1920,"height":600},{"@type":"BreadcrumbList","@id":"https:\/\/higasa.pl\/higasaclub\/en\/design-a-business\/#breadcrumb","itemListElement":[{"@type":"ListItem","position":1,"name":"Strona g\u0142\u00f3wna","item":"https:\/\/higasa.pl\/higasaclub\/"},{"@type":"ListItem","position":2,"name":"Design a business"}]},{"@type":"WebSite","@id":"https:\/\/higasa.pl\/higasaclub\/#website","url":"https:\/\/higasa.pl\/higasaclub\/","name":"Higasa Club","description":"Jeste\u015bmy jedn\u0105 z pierwszych firm na polskim rynku, zajmuj\u0105c\u0105 si\u0119 inwestowaniem  w nieruchomo\u015bci komercyjne. Dostarczamy \u201euszyte na miar\u0119\u201d rozwi\u0105zania rentierskie dla najbardziej wymagaj\u0105cych klient\u00f3w.","potentialAction":[{"@type":"SearchAction","target":{"@type":"EntryPoint","urlTemplate":"https:\/\/higasa.pl\/higasaclub\/?s={search_term_string}"},"query-input":{"@type":"PropertyValueSpecification","valueRequired":true,"valueName":"search_term_string"}}],"inLanguage":"pl-PL"}]}},"_links":{"self":[{"href":"https:\/\/higasa.pl\/higasaclub\/wp-json\/wp\/v2\/pages\/581","targetHints":{"allow":["GET"]}}],"collection":[{"href":"https:\/\/higasa.pl\/higasaclub\/wp-json\/wp\/v2\/pages"}],"about":[{"href":"https:\/\/higasa.pl\/higasaclub\/wp-json\/wp\/v2\/types\/page"}],"author":[{"embeddable":true,"href":"https:\/\/higasa.pl\/higasaclub\/wp-json\/wp\/v2\/users\/1"}],"replies":[{"embeddable":true,"href":"https:\/\/higasa.pl\/higasaclub\/wp-json\/wp\/v2\/comments?post=581"}],"version-history":[{"count":2,"href":"https:\/\/higasa.pl\/higasaclub\/wp-json\/wp\/v2\/pages\/581\/revisions"}],"predecessor-version":[{"id":583,"href":"https:\/\/higasa.pl\/higasaclub\/wp-json\/wp\/v2\/pages\/581\/revisions\/583"}],"wp:featuredmedia":[{"embeddable":true,"href":"https:\/\/higasa.pl\/higasaclub\/wp-json\/wp\/v2\/media\/420"}],"wp:attachment":[{"href":"https:\/\/higasa.pl\/higasaclub\/wp-json\/wp\/v2\/media?parent=581"}],"curies":[{"name":"wp","href":"https:\/\/api.w.org\/{rel}","templated":true}]}}