{"id":578,"date":"2019-07-29T10:13:57","date_gmt":"2019-07-29T08:13:57","guid":{"rendered":"http:\/\/www.higasaclub.pl\/?page_id=578"},"modified":"2023-07-12T07:50:36","modified_gmt":"2023-07-12T05:50:36","slug":"become-a-partner","status":"publish","type":"page","link":"https:\/\/higasa.pl\/higasaclub\/en\/become-a-partner\/","title":{"rendered":"Become a partner"},"content":{"rendered":"","protected":false},"excerpt":{"rendered":"","protected":false},"author":1,"featured_media":340,"parent":0,"menu_order":10,"comment_status":"closed","ping_status":"closed","template":"investor.php","meta":{"_acf_changed":false,"footnotes":""},"class_list":["post-578","page","type-page","status-publish","has-post-thumbnail","hentry"],"acf":[],"yoast_head":"<!-- This site is optimized with the Yoast SEO plugin v24.6 - https:\/\/yoast.com\/wordpress\/plugins\/seo\/ -->\n<title>Become a partner - Higasa Club<\/title>\n<meta name=\"robots\" content=\"index, follow, max-snippet:-1, max-image-preview:large, max-video-preview:-1\" \/>\n<link rel=\"canonical\" href=\"https:\/\/higasa.pl\/higasaclub\/en\/become-a-partner\/\" \/>\n<meta property=\"og:locale\" content=\"pl_PL\" \/>\n<meta property=\"og:type\" content=\"article\" \/>\n<meta property=\"og:title\" content=\"Become a partner - Higasa Club\" \/>\n<meta property=\"og:url\" content=\"https:\/\/higasa.pl\/higasaclub\/en\/become-a-partner\/\" \/>\n<meta property=\"og:site_name\" content=\"Higasa Club\" \/>\n<meta property=\"article:modified_time\" content=\"2023-07-12T05:50:36+00:00\" \/>\n<meta property=\"og:image\" content=\"https:\/\/higasa.pl\/higasaclub\/wp-content\/uploads\/wspolnik-header.jpg\" \/>\n\t<meta property=\"og:image:width\" content=\"1920\" \/>\n\t<meta property=\"og:image:height\" content=\"600\" \/>\n\t<meta property=\"og:image:type\" content=\"image\/jpeg\" \/>\n<meta name=\"twitter:card\" content=\"summary_large_image\" \/>\n<script type=\"application\/ld+json\" class=\"yoast-schema-graph\">{\"@context\":\"https:\/\/schema.org\",\"@graph\":[{\"@type\":\"WebPage\",\"@id\":\"https:\/\/higasa.pl\/higasaclub\/en\/become-a-partner\/\",\"url\":\"https:\/\/higasa.pl\/higasaclub\/en\/become-a-partner\/\",\"name\":\"Become a partner - Higasa Club\",\"isPartOf\":{\"@id\":\"https:\/\/higasa.pl\/higasaclub\/#website\"},\"primaryImageOfPage\":{\"@id\":\"https:\/\/higasa.pl\/higasaclub\/en\/become-a-partner\/#primaryimage\"},\"image\":{\"@id\":\"https:\/\/higasa.pl\/higasaclub\/en\/become-a-partner\/#primaryimage\"},\"thumbnailUrl\":\"https:\/\/higasa.pl\/higasaclub\/wp-content\/uploads\/wspolnik-header.jpg\",\"datePublished\":\"2019-07-29T08:13:57+00:00\",\"dateModified\":\"2023-07-12T05:50:36+00:00\",\"breadcrumb\":{\"@id\":\"https:\/\/higasa.pl\/higasaclub\/en\/become-a-partner\/#breadcrumb\"},\"inLanguage\":\"pl-PL\",\"potentialAction\":[{\"@type\":\"ReadAction\",\"target\":[\"https:\/\/higasa.pl\/higasaclub\/en\/become-a-partner\/\"]}]},{\"@type\":\"ImageObject\",\"inLanguage\":\"pl-PL\",\"@id\":\"https:\/\/higasa.pl\/higasaclub\/en\/become-a-partner\/#primaryimage\",\"url\":\"https:\/\/higasa.pl\/higasaclub\/wp-content\/uploads\/wspolnik-header.jpg\",\"contentUrl\":\"https:\/\/higasa.pl\/higasaclub\/wp-content\/uploads\/wspolnik-header.jpg\",\"width\":1920,\"height\":600},{\"@type\":\"BreadcrumbList\",\"@id\":\"https:\/\/higasa.pl\/higasaclub\/en\/become-a-partner\/#breadcrumb\",\"itemListElement\":[{\"@type\":\"ListItem\",\"position\":1,\"name\":\"Strona g\u0142\u00f3wna\",\"item\":\"https:\/\/higasa.pl\/higasaclub\/\"},{\"@type\":\"ListItem\",\"position\":2,\"name\":\"Become a partner\"}]},{\"@type\":\"WebSite\",\"@id\":\"https:\/\/higasa.pl\/higasaclub\/#website\",\"url\":\"https:\/\/higasa.pl\/higasaclub\/\",\"name\":\"Higasa Club\",\"description\":\"Jeste\u015bmy jedn\u0105 z pierwszych firm na polskim rynku, zajmuj\u0105c\u0105 si\u0119 inwestowaniem  w nieruchomo\u015bci komercyjne. Dostarczamy \u201euszyte na miar\u0119\u201d rozwi\u0105zania rentierskie dla najbardziej wymagaj\u0105cych klient\u00f3w.\",\"potentialAction\":[{\"@type\":\"SearchAction\",\"target\":{\"@type\":\"EntryPoint\",\"urlTemplate\":\"https:\/\/higasa.pl\/higasaclub\/?s={search_term_string}\"},\"query-input\":{\"@type\":\"PropertyValueSpecification\",\"valueRequired\":true,\"valueName\":\"search_term_string\"}}],\"inLanguage\":\"pl-PL\"}]}<\/script>\n<!-- \/ Yoast SEO plugin. -->","yoast_head_json":{"title":"Become a partner - Higasa Club","robots":{"index":"index","follow":"follow","max-snippet":"max-snippet:-1","max-image-preview":"max-image-preview:large","max-video-preview":"max-video-preview:-1"},"canonical":"https:\/\/higasa.pl\/higasaclub\/en\/become-a-partner\/","og_locale":"pl_PL","og_type":"article","og_title":"Become a partner - Higasa Club","og_url":"https:\/\/higasa.pl\/higasaclub\/en\/become-a-partner\/","og_site_name":"Higasa Club","article_modified_time":"2023-07-12T05:50:36+00:00","og_image":[{"width":1920,"height":600,"url":"https:\/\/higasa.pl\/higasaclub\/wp-content\/uploads\/wspolnik-header.jpg","type":"image\/jpeg"}],"twitter_card":"summary_large_image","schema":{"@context":"https:\/\/schema.org","@graph":[{"@type":"WebPage","@id":"https:\/\/higasa.pl\/higasaclub\/en\/become-a-partner\/","url":"https:\/\/higasa.pl\/higasaclub\/en\/become-a-partner\/","name":"Become a partner - Higasa Club","isPartOf":{"@id":"https:\/\/higasa.pl\/higasaclub\/#website"},"primaryImageOfPage":{"@id":"https:\/\/higasa.pl\/higasaclub\/en\/become-a-partner\/#primaryimage"},"image":{"@id":"https:\/\/higasa.pl\/higasaclub\/en\/become-a-partner\/#primaryimage"},"thumbnailUrl":"https:\/\/higasa.pl\/higasaclub\/wp-content\/uploads\/wspolnik-header.jpg","datePublished":"2019-07-29T08:13:57+00:00","dateModified":"2023-07-12T05:50:36+00:00","breadcrumb":{"@id":"https:\/\/higasa.pl\/higasaclub\/en\/become-a-partner\/#breadcrumb"},"inLanguage":"pl-PL","potentialAction":[{"@type":"ReadAction","target":["https:\/\/higasa.pl\/higasaclub\/en\/become-a-partner\/"]}]},{"@type":"ImageObject","inLanguage":"pl-PL","@id":"https:\/\/higasa.pl\/higasaclub\/en\/become-a-partner\/#primaryimage","url":"https:\/\/higasa.pl\/higasaclub\/wp-content\/uploads\/wspolnik-header.jpg","contentUrl":"https:\/\/higasa.pl\/higasaclub\/wp-content\/uploads\/wspolnik-header.jpg","width":1920,"height":600},{"@type":"BreadcrumbList","@id":"https:\/\/higasa.pl\/higasaclub\/en\/become-a-partner\/#breadcrumb","itemListElement":[{"@type":"ListItem","position":1,"name":"Strona g\u0142\u00f3wna","item":"https:\/\/higasa.pl\/higasaclub\/"},{"@type":"ListItem","position":2,"name":"Become a partner"}]},{"@type":"WebSite","@id":"https:\/\/higasa.pl\/higasaclub\/#website","url":"https:\/\/higasa.pl\/higasaclub\/","name":"Higasa Club","description":"Jeste\u015bmy jedn\u0105 z pierwszych firm na polskim rynku, zajmuj\u0105c\u0105 si\u0119 inwestowaniem  w nieruchomo\u015bci komercyjne. Dostarczamy \u201euszyte na miar\u0119\u201d rozwi\u0105zania rentierskie dla najbardziej wymagaj\u0105cych klient\u00f3w.","potentialAction":[{"@type":"SearchAction","target":{"@type":"EntryPoint","urlTemplate":"https:\/\/higasa.pl\/higasaclub\/?s={search_term_string}"},"query-input":{"@type":"PropertyValueSpecification","valueRequired":true,"valueName":"search_term_string"}}],"inLanguage":"pl-PL"}]}},"_links":{"self":[{"href":"https:\/\/higasa.pl\/higasaclub\/wp-json\/wp\/v2\/pages\/578","targetHints":{"allow":["GET"]}}],"collection":[{"href":"https:\/\/higasa.pl\/higasaclub\/wp-json\/wp\/v2\/pages"}],"about":[{"href":"https:\/\/higasa.pl\/higasaclub\/wp-json\/wp\/v2\/types\/page"}],"author":[{"embeddable":true,"href":"https:\/\/higasa.pl\/higasaclub\/wp-json\/wp\/v2\/users\/1"}],"replies":[{"embeddable":true,"href":"https:\/\/higasa.pl\/higasaclub\/wp-json\/wp\/v2\/comments?post=578"}],"version-history":[{"count":8,"href":"https:\/\/higasa.pl\/higasaclub\/wp-json\/wp\/v2\/pages\/578\/revisions"}],"predecessor-version":[{"id":1896,"href":"https:\/\/higasa.pl\/higasaclub\/wp-json\/wp\/v2\/pages\/578\/revisions\/1896"}],"wp:featuredmedia":[{"embeddable":true,"href":"https:\/\/higasa.pl\/higasaclub\/wp-json\/wp\/v2\/media\/340"}],"wp:attachment":[{"href":"https:\/\/higasa.pl\/higasaclub\/wp-json\/wp\/v2\/media?parent=578"}],"curies":[{"name":"wp","href":"https:\/\/api.w.org\/{rel}","templated":true}]}}